25 + -14)?
-29
Evaluate -9 - (457 + -453 - (68 + 2)).
57
What is the value of 7 - ((61 + -17 - 0) + -1 + 9)?
-45
Calculate -20116 + 20071 + 146 + -1.
100
What is 12 - 75 - -33 - (-9 - (0 - 4))?
-25
-2742 - -2779 - ((-30 - 4) + 3)
68
What is the value of -89 - (10 + -6) - (-309 - -296)?
-80
Evaluate 140 - (54 - (45 + -55)).
76
(-8 + -1 + (-72 - -69) - -11) + -9 + -63
-73
What is 62 + (19 - 16) - (-8 - (5 + -17) - 8)?
69
Evaluate (-11 - 1) + -1202 + 1229 + 1 + 10.
26
What is the value of 19 + -93 + 116 + 28?
70
What is -86 + (51 - -96) + -134?
-73
What is the value of -58 - (-75 + (-57 - 7))?
81
What is the value of (-245 - -79) + -81 + 188?
-59
What is (3 - 7 - 3) + (62 - 43 - 11)?
1
Calculate 1277 - 1205 - (1 + -4 + 1 + 15).
59
11 + (-111 - -30) - -88
18
Calculate -9 + (-8 - -14) + 22 + 11.
30
What is the value of -46 - (-208 + 83) - 32?
47
(20 - (-12 - -26)) + -7 - 14
-15
What is -6 - -56 - ((-19 - (6 + -21)) + -23 + 13)?
64
-239 - -278 - (2 - -80)
-43
Evaluate -357 + 298 + (-6 - -4 - 1) + 15.
-47
What is the value of 27 + 50 + (-28 - 8)?
41
Evaluate -4 - ((19 - 13 - -11) + -8).
-13
Evaluate -78 + (108 - 28) + 39.
41
0 + -13 + (311 - 297) + 10 + 13
24
What is the value of 2 - -32 - (-130 + 154)?
10
Calculate -155 + 32 - (-12 + 2 + -2 + -3).
-108
Calculate 36 - (-7 + (-6 - (-19 + -12))) - 120.
-102
What is the value of (6 - (-119 - (-122 + 62))) + 0 + -15?
50
(-16 - (-142 + 21)) + -102
3
103 + 106 + -208 + (1 - (-1 - -3))
0
-85 - -1 - (745 + -816)
-13
What is (222 - 212) + 0 + -2 + 0 + -3?
5
Evaluate (317 - 298 - (1 + 14)) + 87 + -1.
90
What is ((39 - 1) + -22 - (58 + -3)) + -2?
-41
Evaluate (1 - 100 - 1) + (-92 - 82) + 155.
-119
Calculate 0 + -2 + -19 - (3162 + -3139).
-44
Evaluate (-95 - -57) + 10 - (-1 - (-8 - (1 + 0))).
-36
What is the value of 32 + -16 + 17 + -29 - (-91 - -5)?
90
Calculate 13 + (14 - 26) + -30 + 51.
22
18 - (68 - 5 - 7 - 7)
-31
-1 + 1 - ((21 - (8 - -13)) + -38)
38
Calculate -4 - (-6 + 4 + -40 - (6 + -11)).
33
What is the value of (64 - -10) + ((17 - 9) + -28 - -10)?
64
What is -53 - -41 - (6 + 4 + -1) - -10?
-11
Calculate 21 + -193 + -16 + 97.
-91
48 + 29 + -11 - (17 - -6)
43
Calculate 150 + -89 - ((-11 - -38) + -4).
38
Evaluate (46 - -2) + -5 + 3 - (592 + -595).
49
Evaluate 17 - (17 + -42 + 28 + -33).
47
What is -10 - ((-32 - (-12 - -1)) + 35)?
-24
0 + 7 + 6 + -15 + (32 - 19)
11
What is 95 + 4 + -2 + (55 - 59) - (24 - 35)?
104
What is the value of 5 + (-9 - -4) + -37?
-37
Evaluate 24 + (-87 - -60) + 18.
15
-2 + -9 - -49 - 43
-5
Calculate -4 + 5 + -2 + (8 - -1).
8
Evaluate (-1 + (-12 - (3 - 1)) - (-43 - -30)) + 41.
39
Evaluate 0 - 8 - (-3155 - -3148).
-1
What is the value of (-6 + (-161 - -24) - 5) + 34?
-114
Calculate (-2 - -18) + (0 + 16 - (43 + (-18 - -2))).
5
Calculate -52 + (72 - (11 + 25)).
-16
Calculate 48 + (-19 - (-44 + -13 + 24)) + 3.
65
Evaluate -8 + (-22 - (3 + 10 + -2)) + -7.
-48
3 - -1 - (53 + -88 - (3 + -22) - 72)
92
What is the value of 1 - 3 - (40 - (149 - 84))?
23
3 + (9 - ((-21 - -31) + 23))
-21
-4 + (-6 - (-14 + 5) - -1) - (-25 + 42)
-17
Evaluate (-47 - (5 - 2)) + (-607 - -607).
-50
What is 25851 + -25921 - (0 - -26)?
-96
What is 4 + (13 + -15 + 60 - (2 - (3 + 7)))?
70
35 + -79 - 38 - -30
-52
-15 - (-28 - (-32 + -26))
-45
What is the value of 116 + -137 - 100 - -178?
57
What is 96 - 95 - (-3 + -10)?
14
-9 + (13 - 9) + -2
-7
Evaluate -46 + 16 + 22 - (-18 + 10).
0
Calculate 19 + (-6 + 8 - 22) - 25.
-26
Calculate 23 - ((98 - 45) + -87).
57
17 + 46 + -42 + (3 - -16)
40
Evaluate (-65 - (-76 - -72)) + 60.
-1
What is (-26 - 16) + -10 + 46 + 1 + -87?
-92
What is the value of -43 - (26 + (1 - 16) - -20)?
-74
What is -97 + (13 - (-11 - -3 - (6 + (0 - 17))))?
-87
What is 29 - 29 - (-13 + -6) - 51?
-32
Evaluate (-84 - (2 + -5)) + -27 + 51 + -19.
-76
What is 55 - (70 + (37 - 53))?
1
Evaluate (98 + -53 - 75) + -2 + (2 - 3).
-33
What is the value of -1 + (1 - (0 + 58)) + (-571 - -313) + 249?
-67
What is 0 + 10 - (-32 + (2 - -5)) - 20?
15
Calculate (31 + -68 - -38 - -11) + -51.
-39
What is the value of 11 - (0 - -4) - (3 + 4 + -7) - -22?
29
-3 + -2 + (38 - 60 - -22)
-5
What is -34 + (-5 - -31) - 18 - 9?
-35
-14 - (-7 + 28 + -19 + 1)
-17
What is -18 - (13 - (-23 + 11 - -16 - 27))?
-54
46 - 43 - 24 - (-6 + (-51 - 2))
38
(11 + 3 - ((11 - 12) + 27 + -6)) + -80
-86
-23 + (53 + -26 - 2)
2
Calculate -35 + 17 - (7 - -6).
-31
-38 + 41 + 51 + (-24 - -14)
44
Evaluate -2 - (29 - 35 - (-4 - (5 - (-43 - -3)))).
-45
What is the value of -3 - -29 - -23 - (16 + 4)?
29
What is the value of -25 - 2 - -44 - ((9 - -7) + 98)?
-97
What is the value of -96 - (59 + -129 + -57)?
31
-4 + (-1 - 1) + 0 + -41 + 3 + -10
-54
-12 + -4 - (-27 + (-31 - -47))
-5
What is (-88 + 15 - (129 + -105)) + -22 + 0?
-119
What is (0 + -2 - (22 + -17)) + -8 + -2?
-17
What is -5 - (11 - ((2 + 2 + -13 - -7) + -22))?
-40
What is the value of (61 + -19 - 30) + (-24 + -1 - 0)?
-13
Calculate 63 - 24 - 19 - (3 + -4).
21
What is the value of -1 + -10 - (144 - (-35 - -69))?
-121
(-12 - (18 + 27 - (0 - -8))) + -12
-61
Calculate (-167 - 35) + 212 - (1 + 1 + -15).
23
Calculate (41 - (-12 + 55)) + 15 + 1 + 3.
17
Evaluate 23 - (-3 + 4 - 28).
50
Calculate -58 + 12 + 11 + -12 + -8 - -13.
-42
181 - (361 - 171) - (-1 + 23)
-31
What is the value of 2 - 12 - (-48 + 4) - (13 + -16 + -6)?
43
Calculate (3 - (-17 + -4) - (74 - 112)) + (0 - -13).
75
What is 5 + -4 - 6 - (4 + -25 - 25)?
41
What is the value of 2 + -72 - (2070 - 2117)?
-23
What is (-1 + -14 - -4) + (6 - -25 - -16)?
36
What is (2 + -2 - (0 - -2)) + (33 - (-27 + 71))?
-13
What is the value of 9 + (-1 - 10 - -1) - (21 - -10)?
-32
Calculate -7 - -28 - 26 - (-38 + (1 - (0 - -4))).
36
What is the value of (-8 + 6 + 8 - 9) + (31 - 34)?
-6
What is the value of 39 + 9 + (29 - 77)?
0
38 + -8 + (-14 - -25) + 30 + -19
52
(29 - 21 - -20) + 59 + -187
-100
What is the value of -31 - (26 - (92 + -40))?
-5
Calculate 27 + (-101 - -50) + 56.
32
What is the value of -480 + 456 + -18 + (1 - 3)?
-44
-127 + 7 - (3111 + -3264)
33
Evaluate -7 + 3 + (-19 - -30) + (-3 - -10).
14
What is the value of (25 - (-21 - -38)) + -3 + 13?
18
Calculate 19 - (5 + (5 - -6) + -28).
31
What is (3 - 4) + 5 - (-234 + 247)?
-9
What is (-5 + -2 + (1 - -4) - -7) + -24?
-19
What is the value of 94 - -2 - (-557 + 559)?
94
What is the value of (31 - 7) + -8 - (-5 - (1 - 1))?
21
77 + (2 + -20 - -4) + (-9 + 30 - 12)
72
(-1 - -2 - -4) + -71 + 71 + -72 + -6
-73
Evaluate (-4 - -26) + (14 - -24).
60
What is the value of (32 - (6 + 34 - -29)) + -7?
-44
What is -65 + 1 + (6 - -7) + (-10 - -16) + -10?
-55
What is (-13 - -13) + -10 + 24 - 18?
-4
(-49 - -2) + (13 - (57 + -60 + 25))
-56
What is -7 + 35 + -10 + 30?
48
What is -46 - (0 + 10) - (-61 + 50)?
-45
Evaluate (45 - 94 - -123) + -18 + -1.
55
What is -16 - 0 - (36 - -45 - 136) - (-4 + -3)?
46
What is the value of 1140 + -1068 - (78 + -9)?
3
Evaluate -7 - (-12 + 13) - (-28 + 26) - -9.
3
Evaluate 114 - ((9 - (-2 - -2)) + 3 - -2).
100
What is the value of 11 - (0 + 25 + (-7 - 14 - -10))?
-3
What is the value of (-211 + 62 - -165) + 0 + 66?
82
Evaluate 80 + -223 - (-141 - 6).
4
22 + (-56 - (23 - 46))
-11
What is the value of ((-25 - 3) + 23 - -28) + (-3 - (0 - 2))?
22
What is (-4 - 14) + ((-12 - -5) + -4 - -11)?
-18
(-27 - -18 - 94) + (3 - (6 + -6 - 2))
-98
-164 + 18 - -56 - -150
60
Calculate 5 + -4 + -38 - (-71 - -53).
-19
What is the value of -2 + 5 + 35 + (0 - 28) + (-20 - -3)?
-7
-24 + (16 + -14 - 10)
-32
What is the value of 11 - (22 + -14 + 36)?
-33
Evaluate 12 - ((11 - (15 + -7 + -20 + 13)) + -83).
85
What is (-2052 - -2030) + 119 + (3 - -1) + (-6 - 1)?
94
3 + (-30 + (-41 - -107) - (-2 + -7))
48
What is the value of (-52 - -1) + 28 - -35?
12
What is (37 - 20) + (-3 - 2 - (-3 + -1))?
16
53 + -17 + (126 - 108)
54
Calculate 14 + (-9 - 11) + -74 - (-5 + (-5 - -5)).
-75
What is (-1597 - -1493) + (10 - -64)?
-30
What is the value of -8 + (54 - 42) - (5 + -6 + -4)?
9
Calculate (90 - 53) + (-5 - -5 - 8) - (8 - 0).
21
What is the value of -10 - (45 + -17 + -37) - -8?
7
What is the value of -34 + (1 - -1) - (24 - 41)?
-15
What is -7 - (-5 + -28 + 5 + 8 + 9)?
4
What is the value of (0 - -8) + (30 + -9 - (-5 + -10) - -11)?
55
What is the value of (-35 - -3) + (17 - 35 - -29 - 7)?
-28
4688 + -4827 + 127 + 3
-9
Evaluate 11 - -1 - (98 - 